ed by 18646.
11
What is the remainder when 184775 is divided by 356?
11
What is the remainder when 94019 is divided by 125?
19
Calculate the remainder when 12556 is divided by 273.
271
What is the remainder when 3836 is divided by 35?
21
Calculate the remainder when 44176 is divided by 496.
32
What is the remainder when 49055 is divided by 12258?
23
What is the remainder when 88663 is divided by 27?
22
What is the remainder when 3597 is divided by 715?
22
Calculate the remainder when 41954 is divided by 5992.
10
What is the remainder when 4386 is divided by 183?
177
Calculate the remainder when 3932 is divided by 1352.
1228
Calculate the remainder when 49927 is divided by 146.
141
What is the remainder when 53588 is divided by 46?
44
What is the remainder when 3900 is divided by 18?
12
Calculate the remainder when 401694 is divided by 401692.
2
Calculate the remainder when 21830 is divided by 193.
21
What is the remainder when 18462 is divided by 165?
147
Calculate the remainder when 5935 is divided by 268.
39
What is the remainder when 2014 is divided by 1901?
113
Calculate the remainder when 39288 is divided by 13088.
24
What is the remainder when 353609 is divided by 176796?
17
Calculate the remainder when 5948 is divided by 14.
12
What is the remainder when 1703 is divided by 1621?
82
Calculate the remainder when 160059 is divided by 145.
124
Calculate the remainder when 2628 is divided by 1023.
582
What is the remainder when 740 is divided by 265?
210
Calculate the remainder when 265519 is divided by 40.
39
What is the remainder when 39462 is divided by 228?
18
Calculate the remainder when 14774 is divided by 25.
24
Calculate the remainder when 13831 is divided by 6903.
25
What is the remainder when 736 is divided by 24?
16
What is the remainder when 18964 is divided by 34?
26
Calculate the remainder when 102335 is divided by 8.
7
What is the remainder when 8963 is divided by 2971?
50
Calculate the remainder when 1460242 is divided by 486743.
13
Calculate the remainder when 16798 is divided by 3359.
3
Calculate the remainder when 2757 is divided by 1772.
985
What is the remainder when 2223574 is divided by 89?
87
What is the remainder when 13967 is divided by 77?
30
What is the remainder when 20184 is divided by 13?
8
What is the remainder when 6700 is divided by 147?
85
What is the remainder when 18139 is divided by 168?
163
What is the remainder when 353521 is divided by 90?
1
What is the remainder when 1022705 is divided by 31?
15
What is the remainder when 1183 is divided by 772?
411
What is the remainder when 35009 is divided by 2492?
121
Calculate the remainder when 5008 is divided by 30.
28
Calculate the remainder when 22586 is divided by 2049.
47
Calculate the remainder when 9862 is divided by 34.
2
What is the remainder when 46119 is divided by 6569?
136
What is the remainder when 16835 is divided by 101?
69
What is the remainder when 9978 is divided by 20?
18
What is the remainder when 12925 is divided by 3?
1
What is the remainder when 63880 is divided by 503?
502
Calculate the remainder when 664 is divided by 543.
121
Calculate the remainder when 3487 is divided by 194.
189
What is the remainder when 4263 is divided by 1187?
702
Calculate the remainder when 42072 is divided by 5252.
56
Calculate the remainder when 2455 is divided by 432.
295
Calculate the remainder when 37360 is divided by 456.
424
Calculate the remainder when 309510 is divided by 14.
12
Calculate the remainder when 6082 is divided by 79.
78
What is the remainder when 115235 is divided by 57617?
1
Calculate the remainder when 5795 is divided by 1557.
1124
What is the remainder when 2721 is divided by 354?
243
Calculate the remainder when 7913 is divided by 1577.
28
What is the remainder when 2863 is divided by 948?
19
Calculate the remainder when 66091 is divided by 65983.
108
What is the remainder when 3240472 is divided by 82?
78
What is the remainder when 16136 is divided by 424?
24
What is the remainder when 388376 is divided by 2?
0
What is the remainder when 3951659 is divided by 335?
334
Calculate the remainder when 427458 is divided by 111.
108
Calculate the remainder when 11028 is divided by 1631.
1242
Calculate the remainder when 698961 is divided by 174740.
1
Calculate the remainder when 35340 is divided by 24.
12
Calculate the remainder when 717028 is divided by 93.
91
Calculate the remainder when 6523 is divided by 145.
143
Calculate the remainder when 599349 is divided by 81.
30
Calculate the remainder when 65259 is divided by 280.
19
What is the remainder when 34366 is divided by 70?
66
Calculate the remainder when 20274 is divided by 201.
174
What is the remainder when 1084 is divided by 16?
12
What is the remainder when 1032 is divided by 84?
24
Calculate the remainder when 32114 is divided by 14.
12
What is the remainder when 7240 is divided by 2408?
16
What is the remainder when 5630 is divided by 1210?
790
What is the remainder when 8334 is divided by 604?
482
What is the remainder when 109917 is divided by 229?
226
What is the remainder when 11434 is divided by 116?
66
What is the remainder when 919 is divided by 877?
42
Calculate the remainder when 30672 is divided by 5112.
0
What is the remainder when 12000 is divided by 132?
120
Calculate the remainder when 105560 is divided by 103.
88
Calculate the remainder when 139459 is divided by 47.
10
What is the remainder when 12412551 is divided by 1601?
1599
What is the remainder when 3005 is divided by 143?
2
Calculate the remainder when 2241 is divided by 1095.
51
Calculate the remainder when 18464 is divided by 1845.
14
What is the remainder when 15671 is divided by 20?
11
Calculate the remainder when 79694 is divided by 136.
134
What is the remainder when 14099 is divided by 4691?
26
Calculate the remainder when 186871 is divided by 25.
21
Calculate the remainder when 7837 is divided by 522.
7
What is the remainder when 13739 is divided by 1526?
5
What is the remainder when 24072 is divided by 40?
32
What is the remainder when 4950 is divided by 2462?
26
What is the remainder when 10743 is divided by 10738?
5
What is the remainder when 58335 is divided by 85?
25
What is the remainder when 757634 is divided by 130?
124
Calculate the remainder when 26186 is divided by 315.
41
What is the remainder when 39604 is divided by 4376?
220
Calculate the remainder when 4748 is divided by 200.
148
What is the remainder when 38228 is divided by 36?
32
Calculate the remainder when 14445 is divided by 28.
25
Calculate the remainder when 4260 is divided by 105.
60
What is the remainder when 7018 is divided by 138?
118
What is the remainder when 640118 is divided by 167?
7
Calculate the remainder when 25016 is divided by 1042.
8
Calculate the remainder when 129 is divided by 103.
26
Calculate the remainder when 1935 is divided by 26.
11
What is the remainder when 264240 is divided by 582?
12
Calculate the remainder when 6929 is divided by 458.
59
What is the remainder when 16068 is divided by 2295?
3
Calculate the remainder when 2034 is divided by 397.
49
What is the remainder when 224225 is divided by 112112?
1
Calculate the remainder when 94607 is divided by 54.
53
Calculate the remainder when 11046 is divided by 11038.
8
What is the remainder when 8719 is divided by 8701?
18
What is the remainder when 110340 is divided by 677?
666
Calculate the remainder when 8710 is divided by 198.
196
What is the remainder when 7232 is divided by 278?
4
Calculate the remainder when 45535 is divided by 34.
9
Calculate the remainder when 55444 is divided by 330.
4
What is the remainder when 4379 is divided by 438?
437
Calculate the remainder when 1866 is divided by 36.
30
Calculate the remainder when 10173 is divided by 1713.
1608
Calculate the remainder when 4860 is divided by 4846.
14
What is the remainder when 49268 is divided by 383?
244
Calculate the remainder when 348175 is divided by 79.
22
What is the remainder when 50387 is divided by 38?
37
What is the remainder when 99279 is divided by 7091?
5
What is the remainder when 37798 is divided by 225?
223
What is the remainder when 1315 is divided by 1184?
131
Calculate the remainder when 450055 is divided by 1054.
1051
What is the remainder when 8018 is divide